6*f**4. Determine w(-5).
-1
Let u(h) be the third derivative of 0*h - 1/30*h**5 - 4*h**2 + 0*h**3 + 0 + 1/24*h**4. Calculate u(-1).
-3
Let r = 9 + -5. Let h(i) = i - 2 - 2 - 5*i + i**2. What is h(r)?
-4
Suppose -3*y = -0*y - 6. Let h(a) = -a + 5*a + 9*a**y - 2*a - a. Give h(1).
10
Suppose -4*q - 2 = -0*s + 2*s, 0 = 3*s - q - 18. Let p be -1 + 8 + 1 + -2. Let c(f) = 1 + 0*f**3 + 5*f + f**3 - 6 - p*f**2. Give c(s).
-5
Let a be 80/(-24)*(-18)/(-10). Let w(m) = m - 1. What is w(a)?
-7
Let c(m) = -8*m + 4 + m + 1. Let h(k) = k**2 - 2*k - 3. Let q be h(4). Let r(d) = -d + 1. Let i(z) = q*r(z) - c(z). What is i(-1)?
-2
Let f(t) = -3*t - 2 + 6*t - 2*t**3 - 7*t - 3*t**2. What is f(-2)?
10
Let d(j) = -j - 1. Let b = 4 - 8. Let q = b + -1. Let x = q - -3. What is d(x)?
1
Let c(s) = s**2 + s + 8. Let b be 0*(-4 + 14/4). Calculate c(b).
8
Let i(g) = g**3 - 15*g**2 + 12*g + 34. Let y be i(14). Let s(v) = v - 7. Determine s(y).
-1
Suppose 4*s + q = 3, 2*q - 10 = 4*q. Let n(i) = -3*i + s*i - i**3 - i - 5*i**2 + 3. Calculate n(-4).
-5
Let y be ((-1)/3)/((-7)/(-21)) - -1. Let f(x) = -x**2 - x - 5. What is f(y)?
-5
Let b be 17/5 - (-6)/10. Let r(a) be the second derivative of a**3 + a - 1/2*a**2 + 1/20*a**5 + 1/2*a**b + 0. Determine r(-5).
-6
Let j(k) = 1 - 2 - k**3 - 5*k + 3*k**2 + 0*k**3 + 7*k. Give j(4).
-9
Let w(l) = -6*l + 3 + 1 + 2 - 2. Let g be w(5). Let u be (-21)/(-28) + g/(-8). Let f(s) = s - 3. Determine f(u).
1
Let h(o) be the first derivative of -o**2/2 - 3*o - 2. Let n be h(-6). Let c(q) = 3*q**2 - q**3 + 3*q**n - q**3 + 4*q + 2. Give c(-2).
-2
Suppose 0*f - 15 = -3*f. Let g(m) = -m**3 + m. Let d(k) = 4*k**3 + 4*k**2 - 4. Let j(t) = -d(t) - 5*g(t). Determine j(f).
4
Let g(p) = -p - 2. Let q(j) = j**3 + 10*j**2 + j + 8. Let s(k) = -k**2 - k - 1. Let f(w) = -q(w) - 5*s(w). Let t be f(-6). Let n be (-48)/t - 1/(-3). Give g(n).
3
Let i be 1/(-1*3)*(-48)/8. Let w(b) be the first derivative of -b + 1/4*b**4 - 5/3*b**3 - 1 + i*b**2. Determine w(4).
-1
Let o(z) be the second derivative of z**6/720 + z**5/20 + z**4/3 + 2*z. Let u(l) be the third derivative of o(l). What is u(-6)?
0
Let n(v) = v**3 - 3*v - 2. Let z be 1*(-3)/(-2)*-2. Let h be (-8 + -2)*z/2. Suppose 5*c + 7*k + 1 = 4*k, -3*c = -3*k + h. What is n(c)?
-4
Let j(b) = b**2 - 7*b + 7. Suppose -3*n - 2*n + 30 = 0. Calculate j(n).
1
Let y(k) = -1 + 3*k + k - 5*k. Let i(m) = -m**2 + 10*m + 5. Let w be i(11). Give y(w).
5
Let b(y) be the first derivative of 3*y**2 - y - 9. What is b(2)?
11
Let u be ((-5)/2)/((-3)/6). Let q(s) = 5*s + 1. Let m(b) = 4*b. Let i(f) = 4*m(f) - 3*q(f). Determine i(u).
2
Suppose 4*t - 2 - 36 = -3*g, 0 = -g + 4*t + 18. Suppose 5*o = h - 16, 2*h + o = 4*h - g. Let b(x) = 5*x - h + 2*x**2 - 3*x**2 + 1. What is b(4)?
-1
Let n(f) = 2*f - 1 + 6 - 4. Determine n(-3).
-5
Let i(t) = 10 - 17 + 11 + 3 + 3*t. Calculate i(-5).
-8
Let l(v) be the third derivative of 3*v**4/8 + v**3/6 - 56*v**2. Give l(1).
10
Let v(d) = -24 - d**2 + 7*d - 2*d + 25. Give v(4).
5
Let w(k) = 3*k**3 + k**2 - k. Suppose -20*i - 5 = -25*i. What is w(i)?
3
Let o(f) = f**2 + 3*f - 5. Let i(x) = -2. Let c(r) = -3*i(r) + o(r). Let h(a) = -3*a + 3. Let p be h(2). Determine c(p).
1
Let z(f) = f + 2 - 8*f + 0. Let d(x) = -11*x + 3. Let c(t) = -5*d(t) + 8*z(t). What is c(5)?
-4
Let b = 13 + -17. Let r(g) be the first derivative of -g**3/3 - 3*g**2/2 - 6*g - 1. Calculate r(b).
-10
Suppose 5*q - 2*q = 5*v - 10, -5*v + 25 = 0. Suppose 4 = -q*k - 1. Let p(d) be the second derivative of -d**4/2 - d**3/6 + 3*d. What is p(k)?
-5
Let r(z) = z**2 - 7*z. Let f(u) = u**2 + 14*u - 6. Let c be f(-15). Let x = c + -5. What is r(x)?
-12
Let h = -43 + 42. Let l(d) = -10*d - 1. Give l(h).
9
Let g(u) = -u + 3*u**3 - 12*u**3 - u**2 + u**2 + u**2. Determine g(1).
-9
Let h = 9 - 8. Let f(l) = -h + 0 - 33*l + 39*l. What is f(-1)?
-7
Let q(d) be the second derivative of -d**5/10 + d**4/4 - d**3/6 + d**2 + 90*d. Let f be (2/3)/((-2)/(-6)). Calculate q(f).
-4
Let z(m) = -m + 5. Let x(w) = -4*w - 3. Let v be x(-2). Suppose 37 = -0*d + 3*d + v*n, -3*n = -15. Give z(d).
1
Let g(y) = -y - 1. Let n be g(3). Let x be (8/n)/((-4)/6). Let k(j) = 4*j**2 - 6*j - 4*j**x + 5*j**3 - 3 + 4*j. Determine k(-4).
5
Let l(c) = 3*c**3 + 5*c**2 - 2. Let i(y) = -y**3 - 1. Suppose -4*k + 9*k = -10. Let m(z) = k*i(z) - l(z). Determine m(-4).
-12
Let z(a) = 0*a - 4 + a**2 + 3*a + 2*a. Suppose 4*h - 6 = 6*h. Calculate z(h).
-10
Let t(w) = w + 9. Suppose 25 = 5*s, -2 = -3*b - 5*s + 5. Calculate t(b).
3
Let j(u) = -3*u + 3. Let p be j(2). Let s be (-4 - 0/p)/1. Let a(q) = -6*q**3 - 7. Let t(v) = 5*v**3 + v**2 + v + 6. Let f(z) = -4*a(z) - 5*t(z). What is f(s)?
2
Let j(o) = -o**2 - 6*o - 7. Suppose -4 - 2 = -q. Let c(n) = n**3 - 7*n**2 + 6*n - 6. Let h be c(q). Calculate j(h).
-7
Let q(x) be the second derivative of 0 - 2*x**2 + 8*x + 1/20*x**5 + 1/6*x**3 + 1/12*x**4. What is q(0)?
-4
Let x(z) = -z - 9. Suppose 4*w + 10 = 3*u, 2*u = -3 + 7. Let q be (7*w)/(-5 - -6). Give x(q).
-2
Let f(z) = -7*z**3. Let l be 0 - (-3 + 3 - 0). Suppose l = 6*s - 3*s - 21. Let y be s/(-21) + (-4)/(-3). Determine f(y).
-7
Suppose 0 = 4*i - 5*d - 20, -2*d = -3*i + 3*d + 20. Let q(a) = -a + 2. Determine q(i).
2
Let y(o) = -o + 1. Let k(r) = r - 1. Let d(q) = -2*k(q) - 3*y(q). Suppose 6*x = 8*x - 4. What is d(x)?
1
Suppose 5*f + 2 = 12. Let n(p) be the second derivative of 2*p + 0 - 1/3*p**3 + 1/4*p**4 - 1/2*p**2. Determine n(f).
7
Let q(h) = 3 + 0*h**2 + 14*h**2 + 13 - 17. Let t(y) = -y + 1. Let s(k) = -3*k + 5. Let m(p) = -s(p) + 4*t(p). Let z be m(0). Determine q(z).
13
Let i = 16/27 - -2/27. Let x(d) be the second derivative of 0 + 3*d + 1/12*d**4 + 5/2*d**2 + i*d**3. Give x(-4).
5
Let j = -10 + 12. Let a(t) be the third derivative of t**j + 0*t + 0 - 1/12*t**4 + 2/3*t**3. Determine a(5).
-6
Let t(x) = -7*x - 7 - x + 3*x + 7*x. Calculate t(5).
3
Let v be 8/(-2) - (-1)/1. Let d(h) be the second derivative of 0 - 1/6*h**3 + 1/2*h**2 - h. Calculate d(v).
4
Let b(f) be the third derivative of f**6/120 - f**5/15 + 5*f**4/24 - f**3/2 - 8*f**2. What is b(3)?
3
Let v = -3 + 6. Let o(l) = 3*l**3 + 4*l**v + 5 - 8*l**3. Let q(h) = -2*h + 6. Let b be q(3). Calculate o(b).
5
Let p be 55/(-22)*2*-1. Let u(f) be the third derivative of 1/24*f**4 + 0*f + f**2 + 1/3*f**3 + 0. Calculate u(p).
7
Let w(h) = -h + 3. Let o(v) = 2*v - 4. Let n(q) = 2*o(q) + 3*w(q). Calculate n(5).
6
Let h = 24 - 12. Suppose 3*m - 4*m + 2 = -n, 2*m + 2*n = h. Let p(l) = -l + 12. Let s(t) = 4*t - 71. Let q(j) = -6*p(j) - s(j). What is q(m)?
7
Let q(y) = -5*y. Let h(t) = 1 - t - t + 6*t. Suppose -4*n - 11 = -2*o + 7, -12 = -5*o - n. Let j(i) = o*h(i) + 2*q(i). Determine j(-5).
-7
Suppose -2 = -3*i + 1. Let m(a) = -8*a + i + 0 + 10*a. What is m(2)?
5
Let t(s) = s**3 - s**2 - s + 1. Let i(o) = -2*o**3 - o - 7. Let q(c) = -i(c) - 3*t(c). Give q(4).
4
Suppose -4*g - 2 = -3*g, 2*a - g = -4. Let s(w) = -w**3 - 5*w**2 + 4. What is s(a)?
-14
Suppose -29 = 16*j - 109. Let l(s) = -s**2 + 6*s - 5. What is l(j)?
0
Let r = 18 + -23. Let b(o) = o**2 + 6*o - 2. Give b(r).
-7
Let k(p) = -p - 12. Let x be k(-11). Let d(m) be the second derivative of 5*m**4/12 - m**2/2 - m. Calculate d(x).
4
Let q be 1 - 2/2*-1. Let k(l) = l - 2 - l**3 + q. Let n = -4 + 3. What is k(n)?
0
Let w(c) be the third derivative of -c**6/120 - 7*c**5/60 - c**4/24 - 3*c**3/2 - 15*c**2. Calculate w(-7).
-2
Let z(f) = 7*f - 10. Let j(n) = -15*n + 21. Let d(y) = -6*j(y) - 13*z(y). Suppose -12 = -5*s + 18. Let c = 10 - s. What is d(c)?
0
Suppose 21 = -j + 6*s - 2*s, 2*j + 2*s + 2 = 0. Let f(h) = -2*h + 3. Calculate f(j).
13
Let d(u) be the first derivative of -u**2/2 + 2*u - 2. Suppose h - 3*f + 7 = 0, 5*f = -3*h - 2*h + 5. Let w be (-7)/(-4) - h/4. What is d(w)?
0
Let y(u) = -u**2 + 7*u - 3. Let j(a) = -2*a - 12. Let h = -3 + -6. Let p be j(h). What is y(p)?
3
Let q(p) = -p - 11. Suppose -53 = -3*f - 5*d, -3*d - 30 = 4*f - 97. Let j = 10 - f. What is q(j)?
-5
Suppose 5*y = 5*m - 20, -4*m - 4*y + 0*y + 16 = 0. Let n(q) = -q - m*q + 0*q. Determine n(-1).
5
Let o(c) = 3*c**3 + c**2 + 3*c**2 - 2*c**3 + c. Let w(t) = -t - 8. Let s(p) = -p**2 - 5*p + 9. Let f be s(-7). Let r be w(f). What is o(r)?
6
Let k(n) = -n**2 - 2*n - 4. Suppose -9 + 1 = 2*o + 2*q, -5*q - 20 = -4*o. Suppose -